3*k + 6*k. Determine y(r).
0
Let v(o) be the second derivative of 2/3*o**3 + 0 - 3/2*o**2 + o. Let w = -1 - -3. What is v(w)?
5
Let c(o) = 3*o + 2. Let u(r) = r. Let g(i) = -c(i) + 2*u(i). What is g(-1)?
-1
Suppose 9 = 3*d + 3. Let b(o) = 2*o**2 - 3*o**d - 2*o + 0*o + 3*o. Calculate b(2).
-2
Let l(i) = i**3 - 8*i**2 + 6*i + 6. Let o be l(7). Let t = 3 - o. Let s(z) = t*z + 3*z - z - 4 + 5. Determine s(-1).
-5
Let h(i) = i**2 + 4*i + 2. Suppose -3 - 1 = s. Let q = s + 1. Give h(q).
-1
Let c(n) be the third derivative of n**6/120 - 7*n**5/60 - n**3/6 + 15*n**2. What is c(7)?
-1
Let n(p) = -2 + 2*p - 8 + 9. Let z(g) = -g - 1. Let l be z(-3). Determine n(l).
3
Let q(o) = o**2 - o. Let c(r) = r**2 - 3*r + 11. Let h = 12 - 13. Let x(a) = h*c(a) + 2*q(a). What is x(0)?
-11
Let r(m) = -m**2 - 3*m - 1. Let p(n) = -n + 8. Let f be p(8). Let z = -3 - f. Calculate r(z).
-1
Let z = 2 + 4. Suppose 0 = 5*y + 2*f - 12, 3*y - 4*f + 0*f = 2. Let v(p) = -5 + 9 + p**3 - 4 - 6*p**y. Determine v(z).
0
Let s(v) = -6 + 5 + 0 + 7*v. Calculate s(-2).
-15
Let d(c) = -3 - c + 1 + 4 - 3*c. Let m be d(-1). Let h(z) = -z + 4. Determine h(m).
-2
Let l = 1 + -1. Let c(s) be the first derivative of -s**4/12 + s**2/2 - 2*s + 2. Let w(v) be the first derivative of c(v). What is w(l)?
1
Let w(k) = -2 + 3 - 4*k**2 + 0*k - 2*k. Suppose 6 - 30 = 4*l. Let p = l - -7. Calculate w(p).
-5
Let h(o) be the third derivative of -o**6/120 - o**5/10 + 7*o**4/24 - o**3/3 - 6*o**2. Determine h(-7).
-2
Let c(x) = -3*x - 14. Let g(k) = 2*k + 9. Let v(y) = 5*c(y) + 8*g(y). Let m = -10 - -48. Let h be m/(-9) - (-4)/18. Calculate v(h).
-2
Let r(x) be the third derivative of x**6/120 - x**5/20 - x**4/24 + x**3/2 - x**2. Let m be r(3). Let v(w) = -w - 2*w**2 + m*w**2 - w + 2. Give v(-2).
-2
Let x(m) = m**3 - 5*m**2 + 6*m - 2. Let d(v) = 2*v**3 - 2*v**2 - v - 2. Let o be d(2). Determine x(o).
6
Let k(v) = v**2 + 3*v - 6. Let u = -3 + 10. Suppose -2*o = u + 3. Give k(o).
4
Let l(k) = 2*k. Let p(y) = -y + 2. Let w(n) = 2*l(n) - p(n). Give w(6).
28
Let m(t) = t - 9. Let s be m(12). Let h(x) = -x + 4. What is h(s)?
1
Let v(g) = 3*g**2 + 4*g + g**2 - 5*g**2 + 0 + 2. Give v(4).
2
Let g(v) = 7*v**3 + v + 1. Let x(r) = -r**2 + 6*r - 3. Let q be x(2). Let o = q + -6. Calculate g(o).
-7
Let i(a) = -a**2 - a + a + 4 - 3*a - 2*a. Suppose 7 = -5*d - 23. Determine i(d).
-2
Suppose -36 = d - 4*d. Let r be 20/d + 2/6. Let o(f) = 3 + 4 - 2*f**2 + f**r. Determine o(0).
7
Let o(x) be the third derivative of x**4/24 + 7*x**3/6 - 4*x**2. What is o(-5)?
2
Let r(s) = -8 + 4 + 6*s**2 + s**3 + s + 7 + 4*s. Calculate r(-4).
15
Suppose -2*v = 5 - 1. Let h(z) = 1 + 24*z**2 - z - 1 - 22*z**2. Give h(v).
10
Let d(w) = w**2 + 4*w + 4. Suppose -o = -4*g - 9, 2*g + 24 = -g - 5*o. What is d(g)?
1
Let l(g) = -g**2 + 6*g - 6. Suppose -2*b + 5*n = -8, n - 8 = -2*b + 2*n. What is l(b)?
2
Suppose 4*l - 3*n + 4*n + 12 = 0, -3*l + 4*n = -10. Let z be (3 + -3)/(l + 3). Let r(f) = -5*f - 2*f + 6*f - 8. What is r(z)?
-8
Let y(q) = q + 5*q - 304 - 3*q + 307. Give y(7).
24
Let d(q) = -q**3 - q**2 + q + 3. Suppose -6 = 4*o + 2. Let u(h) = -h - 2. Let r be u(o). What is d(r)?
3
Let s = -4 - 2. Let r(v) = 2*v + 4. Give r(s).
-8
Let z(y) = -4*y**2 - 6. Let j(h) = -5*h**2 - 7. Let a(q) = -5*j(q) + 6*z(q). Let v(n) be the first derivative of a(n). What is v(-4)?
-8
Let i(h) = 3*h + 1. Let k(n) = -7*n - 1. Let a(w) = -5*i(w) - 2*k(w). Let m(j) = j**2 + 7*j + 6. Let u be (4/(-6))/((-1)/(-9)). Let q be m(u). What is a(q)?
-3
Let b = -45 + 41. Let d(l) be the first derivative of -l**3/3 - 2*l**2 + 5*l + 2. Determine d(b).
5
Let y(l) = 2*l**3 + l. Let r = -10 - -5. Suppose 0 = 2*b + b + 18. Let p = r - b. Give y(p).
3
Let n(z) = -z + 0 - 14 + 6. What is n(-6)?
-2
Suppose 5*o - 2*j - 19 = 0, -j = 1 - 4. Let y = o - 7. Let a(q) = -2*q + 1 + 2*q**2 + q**3 + q**2 + 0*q**2. Give a(y).
9
Let p(h) = h**3 - 8*h**2 - 10*h - 10. Suppose 5*g = 3*u - 0*g - 2, -2*u + 3 = -3*g. Let d be p(u). Let m = -13 - d. Let b(v) = v - 7. Determine b(m).
-1
Let k(i) = 0*i**2 - 6 + 0*i**2 - 7*i - 2*i**2. Let g = 120 + -124. What is k(g)?
-10
Let a = -67 + 70. Let t(f) = -6*f - 1. Give t(a).
-19
Let z(n) = n + 1. Suppose 0 = -3*f + 7*f + 8. Calculate z(f).
-1
Let r(m) = m**2 - 2*m + 8 + 0 - 3 - 4*m. Let z be 1*3/(6/10). Give r(z).
0
Let t = -3 + 5. Suppose -2*i - 4 = -t. Let w(v) = 3*v**3 + v**2 - 1. Determine w(i).
-3
Let z be ((-2)/4)/((-4)/32). Let p(i) = -i**3 - 1. Let a(b) = b**3 + 4*b**2 + 1. Let x(j) = a(j) + 2*p(j). Give x(z).
-1
Let h(g) = -g**2 - 7*g - 4. Let r = -10 + 3. Give h(r).
-4
Let k(i) = -2*i**3 + i. Suppose -m - 2*j = -0*m - 6, 2*j = -4*m + 30. Suppose 0 = z - 5*z - m. Let d(n) = n + 1. Let c be d(z). Determine k(c).
1
Let n(x) = -x**3 + 4*x**2 + 6*x - 1. Let r be n(5). Suppose -4*g - r + 0 = 0. Let d(m) = 7*m**3 + m**2 + m + 1. Determine d(g).
-6
Let h(i) = 3*i**3 + 7*i**2 - 10*i. Let t(a) = 8*a**3 + 21*a**2 - 29*a + 1. Let d(f) = 11*h(f) - 4*t(f). Give d(6).
-4
Let f = -8 - -13. Let w be ((-2)/f)/((-2)/10). Let n(v) = w*v - v + v. Calculate n(3).
6
Let o(j) = -j + 1. Let q be (2 + 1 + -4)*-2. Let m = -8 + 14. Suppose 3*h + k - 8 = m*h, q = h - 5*k. What is o(h)?
4
Let w be 2/11 + (-18)/(-22). Suppose w = -4*l - j, -2*l = -j - 3 + 2. Suppose l = 2*u - 3*f + 5, -f - 2*f = 3*u - 15. Let d(k) = -2*k**2 + 3*k - 2. Give d(u).
-4
Suppose 3*l = -3*x + 18, 2*l = -2*l + 2*x + 18. Suppose -3*o = a + 12, 0 = -3*o + l*o + 3*a + 8. Let v(w) = w**2 + w - 4. Calculate v(o).
8
Let s = -8 - -11. Let l(o) be the first derivative of -1/4*o**4 - 2*o + 3 - 2/3*o**s + 5/2*o**2. Calculate l(-4).
10
Suppose -2*y + 48 = -0*y. Suppose -y = 5*k - k. Let c(t) = 2*t + 8. Give c(k).
-4
Suppose -3*u - 16 = -4. Let v(p) be the second derivative of -p**4/24 - p**3/3 - p**2 - 3*p. Let m(g) be the first derivative of v(g). What is m(u)?
2
Let q(z) = -2*z**3 + 4*z**2 - 3*z + 1. Let t = 13 - 8. Let i = t + -3. Determine q(i).
-5
Let m(j) = 2*j - 9. Let o be m(6). Let i(u) = -1 + 7*u + 8*u - 14*u. Give i(o).
2
Let s(r) = -r**3 - r**2 + 1. Let h be (-42)/8 + (-3)/4. Let x = -4 - h. Suppose -x*v = -q + 2*q - 7, q = -4*v + 11. What is s(v)?
-11
Let b(u) = -u**3 + u**2 + 3*u + 1. Let i be ((-2)/(-2) - 2)*-1 - 3. What is b(i)?
7
Let v(j) = -10*j - 13. Let x(i) = -2*i - 10 - 3*i + 4. Let a = -28 - -15. Let u(w) = a*x(w) + 6*v(w). What is u(1)?
5
Let a(c) = c**3 + c**2 + 2*c + 2. Let t be (9 - 4)/(-5) + (-1 - 0). What is a(t)?
-6
Let h(l) = -l**3 - 23*l**2 - 20*l + 36. Let b be h(-22). Let j(u) = -2*u - 8. What is j(b)?
8
Let z(u) = u**2 + 4 - 5 - 2. Determine z(-4).
13
Let q = 105 + -105. Let c(o) be the third derivative of 0*o**3 + q*o + 0 + 4*o**2 + 1/24*o**4. What is c(5)?
5
Suppose -3*c = -c + c. Let j(y) be the second derivative of -1/2*y**2 - 1/12*y**4 - y + 2/3*y**3 + c. Determine j(5).
-6
Let z(s) be the first derivative of s**2/2 + s + 17. Determine z(5).
6
Let h(f) = -f**2 + 8*f - 4. Let s be h(7). Suppose 0 = -3*l - 3*j + 3, l + 5*j + 3 = -0*j. Let c(z) = 0*z**2 + z**2 + 3*z**2 - z**3 + 2*z + 4 - z**l. Give c(s).
10
Let s = 165 - 164. Let q(m) = -6*m - 1. What is q(s)?
-7
Suppose 0*z + a = 3*z - 11, 3*a + 19 = 2*z. Suppose -3*y + 4*y = z. Let d(l) = 1 - y*l + 3*l + l. Calculate d(-4).
-7
Let f(p) = 23*p + 9. Let g = 47 - 23. Let k = g + -17. Let v(m) = 11*m + 4. Let s(z) = k*v(z) - 3*f(z). Give s(1).
9
Suppose d + 4 = -4*k, -2*d = -k - 6*d - 16. Let i(u) = u**3 - u**2 + u + 16. Calculate i(k).
16
Suppose -4*q - q = -5*z + 5, 3*z - 27 = -5*q. Let n(y) = -42*y - y**2 + 36*y + 2*y**2 + 5. Determine n(z).
-3
Let b(l) = 0 - 2 + 4 + 3*l - l - l**2. Let u be b(3). Let n(j) be the second derivative of j**4/4 + j**3/6 - j. Determine n(u).
2
Suppose 3*d - 9 = 2*o - o, -d = 4*o - 16. Let k = -21 + 24. Let n(c) = -o*c - 5 + c - k*c + 2*c. What is n(-4)?
7
Let u(k) = -k**3 + 3*k**2 - k + 1. Let g be u(3). Let w(l) be the first derivative of 1/3*l**3 + 1 + 2*l + l**2. Give w(g).
2
Suppose -4*p - 14 = 2*i, i + 12 = -5*p - 13. Let k(z) = -z**2 - 5*z. Determine k(p).
-6
Let d = -6 - -2. Let p = d - -4. Suppose 5*l - 2*l = p. Let b(i) = i**2 + i - 5. Determine b(l).
-5
Let j(i) = i**3 - i**2 - 3*i - 3. Let g be -6 + 4 - (-15)/(0 + 3). Give j(g).
6
Let a(n) = 2*n - 15. Let y be a(5). Let r(h) = h**2 + h - 1. De